{"id":36,"date":"2024-01-24T14:43:15","date_gmt":"2024-01-24T14:43:15","guid":{"rendered":"https:\/\/dev.dfomsorg.no\/?page_id=36"},"modified":"2024-01-24T14:43:15","modified_gmt":"2024-01-24T14:43:15","slug":"om-oss","status":"publish","type":"page","link":"https:\/\/dfomsorg.no\/?page_id=36","title":{"rendered":"Om oss"},"content":{"rendered":"\n<p>DFomsorg er et nyetablert selskap og v\u00e5rt m\u00e5l er \u00e5 tilby tjenester som gir deg frihet til \u00e5 leve det livet du selv vil.<\/p>\n\n\n\n<p>Vil du ha ekstra hjelp i hjemmet? Opplever du at vedtaket fra kommunen ikke strekker til? Eller \u00f8nsker du hjelp i hjemmet uten \u00e5 ha vedtak om hjemmehjelp?<\/p>\n\n\n\n<p>Med private tjenester fra DFomsorg kan du f\u00e5 hjelp til enkelt renhold i hjemmet, eller en bes\u00f8ksvenn og god samtalepartner.\u00a0 Vi bist\u00e5r med f\u00f8lgetjenester til lege, tannlege, handletur, til kulturopplevelser eller en tur ut p\u00e5 cafe eller andre steder du \u00f8nsker \u00e5 bes\u00f8ke.<\/p>\n\n\n\n<p>DFomsorg har h\u00e5ndverkere som kan hjelpe deg med enkle tjenester som \u00e5 skru opp en hylle, kle om en vegg, innvendig maling etc.<\/p>\n\n\n\n<p>DFomsorg kan tilby deg tilrettelagte tjenester etter dine behov og \u00f8nsker, og innenfor rammen av vedtak om BPA. Innenfor vedtaket er det du som skal bestemme tidspunkt og oppgaver du trenger bistand til og hvilke oppgaver som skal utf\u00f8res.<\/p>\n\n\n\n<p class=\"has-large-font-size\" style=\"margin-top:var(--wp--preset--spacing--20);margin-bottom:var(--wp--preset--spacing--20)\">Det handler om \u00e5 f\u00e5 hjelp av en du kjenner!<\/p>\n\n\n\n<div class=\"wp-block-group has-global-padding is-layout-constrained wp-block-group-is-layout-constrained\">\n<p>DFomsorg vil s\u00f8rge for at hjelperen din er en som kjenner deg, din rutine og livsrytme, og som derfor kan forst\u00e5 og m\u00f8te dine \u00f8nsker og behov. Vi tilbyr ulike tjenester og alle disse kan selvf\u00f8lgelig kombineres. Din hjelper kan for eksempel lage vaffelr\u00f8re og vanne plantene mens dere skravler. Hjelperen kan ta en handletur for deg, eller kanskje du har lyst til \u00e5 v\u00e6re med? Du bestemmer selv etter dine \u00f8nsker, behov og dagsform.<\/p>\n<\/div>\n\n\n\n<div class=\"wp-block-group alignfull has-background-color has-global-padding is-layout-constrained wp-container-core-group-is-layout-5d2f8bdc wp-block-group-is-layout-constrained\" style=\"margin-top:0;margin-bottom:0;padding-top:var(--wp--preset--spacing--40);padding-right:var(--wp--preset--spacing--30);padding-bottom:var(--wp--preset--spacing--40);padding-left:var(--wp--preset--spacing--30)\">\n<div class=\"wp-block-group alignwide is-content-justification-space-between is-layout-flex wp-container-core-group-is-layout-b585a4aa wp-block-group-is-layout-flex\">\n<div class=\"wp-block-group is-layout-flex wp-block-group-is-layout-flex\"><h1 class=\"wp-block-site-title has-small-font-size\"><a href=\"https:\/\/dfomsorg.no\" target=\"_self\" rel=\"home\">DF omsorg<\/a><\/h1><\/div>\n\n\n\n<p class=\"has-small-font-size\"><\/p>\n<\/div>\n<\/div>\n","protected":false},"excerpt":{"rendered":"<p>DFomsorg er et nyetablert selskap og v\u00e5rt m\u00e5l er \u00e5 tilby tjenester som gir deg frihet til \u00e5 leve det livet du selv vil. Vil du ha ekstra hjelp i hjemmet? Opplever du at vedtaket fra kommunen ikke strekker til? Eller \u00f8nsker du hjelp i hjemmet uten \u00e5 ha vedtak om hjemmehjelp? Med private tjenester [&hellip;]<\/p>\n","protected":false},"author":1,"featured_media":0,"parent":0,"menu_order":0,"comment_status":"closed","ping_status":"closed","template":"","meta":{"footnotes":""},"class_list":["post-36","page","type-page","status-publish","hentry"],"_links":{"self":[{"href":"https:\/\/dfomsorg.no\/index.php?rest_route=\/wp\/v2\/pages\/36","targetHints":{"allow":["GET"]}}],"collection":[{"href":"https:\/\/dfomsorg.no\/index.php?rest_route=\/wp\/v2\/pages"}],"about":[{"href":"https:\/\/dfomsorg.no\/index.php?rest_route=\/wp\/v2\/types\/page"}],"author":[{"embeddable":true,"href":"https:\/\/dfomsorg.no\/index.php?rest_route=\/wp\/v2\/users\/1"}],"replies":[{"embeddable":true,"href":"https:\/\/dfomsorg.no\/index.php?rest_route=%2Fwp%2Fv2%2Fcomments&post=36"}],"version-history":[{"count":3,"href":"https:\/\/dfomsorg.no\/index.php?rest_route=\/wp\/v2\/pages\/36\/revisions"}],"predecessor-version":[{"id":58,"href":"https:\/\/dfomsorg.no\/index.php?rest_route=\/wp\/v2\/pages\/36\/revisions\/58"}],"wp:attachment":[{"href":"https:\/\/dfomsorg.no\/index.php?rest_route=%2Fwp%2Fv2%2Fmedia&parent=36"}],"curies":[{"name":"wp","href":"https:\/\/api.w.org\/{rel}","templated":true}]}}